{"id":3,"date":"2018-11-06T08:30:38","date_gmt":"2018-11-06T08:30:38","guid":{"rendered":"https:\/\/riista.net\/wordpress\/?page_id=3"},"modified":"2023-05-15T08:45:06","modified_gmt":"2023-05-15T08:45:06","slug":"privacy-policy","status":"publish","type":"page","link":"https:\/\/riista.net\/wordpress\/privacy-policy\/","title":{"rendered":"Tietosuoja &#8211; rekisteriseloste"},"content":{"rendered":"<h2>Rekisteri<\/h2>\n<p>Rekisterin nimi: Riista.net &#8211; palvelu<br \/>\nRekisterin pit\u00e4j\u00e4: Terasoft Oy, Hanhoraitti 12, 42700 Keuruu<br \/>\nPuh. 044 5115 086 Kimmo Matom\u00e4ki<br \/>\nOsoite: https:\/\/www.riista.net\/<\/p>\n<p>T\u00e4m\u00e4 rekisteriseloste koskee vain riista.net -palvelua, ei sen kautta avattavia tai k\u00e4ytett\u00e4vi\u00e4 sivustoja, kuvia tai artikkeleita. Riista.net -palvelun linkkien kautta avattavien sivustojen tiedot ja oikeudet ovat kunkin sivuston omassa hallinnassa.<\/p>\n<h2>Henkil\u00f6tietojen k\u00e4sittely<\/h2>\n<p>Sivustolla k\u00e4vij\u00f6iden tietoja ei ker\u00e4t\u00e4, mutta k\u00e4vij\u00f6iden verkkoyhteyden IP-osoite ja selaimen tiedot tallennetaan v\u00e4liaikaisesti. Jos k\u00e4ytt\u00e4j\u00e4 rekister\u00f6ityy palveluun, h\u00e4nen tulee antaa tietyt vaaditut tunnistetiedot. N\u00e4it\u00e4 tietoja ei k\u00e4ytet\u00e4\u00e4n vain sivuston sis\u00e4iseen hallintaa esim. artikkeliden kommentoinin yhteydess\u00e4 tai roskapostin tarkkailussa.<\/p>\n<p>Sivustojen yll\u00e4pit\u00e4jien tiedoista tallennetaan vain v\u00e4himm\u00e4istiedot henkil\u00f6n tunnusten hallinnointia varten. Tietoja ei k\u00e4ytet\u00e4 muihin tarkoituksiin, ei luovuteta s\u00e4\u00e4nn\u00f6nmukaisesti ulkopuoliseen k\u00e4ytt\u00f6\u00f6n. Verkkopalvelun suomalainen tarjoaja voi siirt\u00e4\u00e4 tai tallettaa tietoja EU-alueen ulkopuolelle .<\/p>\n<p>Rekisteriin tallennettavat tiedot saadaan asiakkaalta suoraan kirjallisesti tai s\u00e4hk\u00f6isesti.<\/p>\n<h2>Tietojen k\u00e4sittely<\/h2>\n<p>Rekisterin tietoja k\u00e4sitell\u00e4\u00e4n huolellisesti ja k\u00e4sitelt\u00e4v\u00e4t tiedot suojataan asianmukaisesti. Internet-palvelimilla olevien tietojen fyysisest\u00e4 ja digitaalisesta tietoturvasta huolehditaan asiaankuuluvasti. Rekisterinpit\u00e4j\u00e4 huolehtii siit\u00e4, ett\u00e4 tallennettuja tietoja sek\u00e4 palvelimien k\u00e4ytt\u00f6oikeuksia ja muita henkil\u00f6tietojen turvallisuuden kannalta kriittisi\u00e4 tietoja k\u00e4sitell\u00e4\u00e4n luottamuksellisesti ja vain niiden ty\u00f6ntekij\u00f6iden toimesta, joiden ty\u00f6nkuvaan se kuuluu.<\/p>\n<h2>Tietojen tarkastaminen<\/h2>\n<p>Jokaisella rekisteriss\u00e4 olevalla henkil\u00f6ll\u00e4 on oikeus tarkistaa rekisteriin tallennetut tietonsa ja vaatia mahdollisen virheellisen tai puutteellisen tiedon korjaamista. Tarkistus- ja oikaisupyynn\u00f6t tulee l\u00e4hett\u00e4\u00e4 kirjallisesti rekisterinpit\u00e4j\u00e4lle. Rekisterinpit\u00e4j\u00e4 voi pyyt\u00e4\u00e4 tarvittaessa pyynn\u00f6n esitt\u00e4j\u00e4\u00e4 todistamaan henkil\u00f6llisyytens\u00e4. Rekisterinpit\u00e4j\u00e4 vastaa asiakkaalle EU:n p\u00e4\u00e4s\u00e4\u00e4nt\u00f6isesti kuukauden kuluessa.<\/p>\n<h3><\/h3>\n","protected":false},"excerpt":{"rendered":"<p>Rekisteri Rekisterin nimi: Riista.net &#8211; palvelu Rekisterin pit\u00e4j\u00e4: Terasoft Oy, Hanhoraitti 12, 42700 Keuruu Puh. 044 5115 086 Kimmo Matom\u00e4ki Osoite: https:\/\/www.riista.net\/ T\u00e4m\u00e4 rekisteriseloste koskee vain riista.net -palvelua, ei sen kautta avattavia tai k\u00e4ytett\u00e4vi\u00e4 sivustoja, kuvia tai artikkeleita. Riista.net -palvelun linkkien kautta avattavien sivustojen tiedot ja oikeudet ovat kunkin sivuston omassa hallinnassa. Henkil\u00f6tietojen k\u00e4sittely Sivustolla [&hellip;]<\/p>\n","protected":false},"author":1,"featured_media":46,"parent":0,"menu_order":0,"comment_status":"closed","ping_status":"closed","template":"","meta":{"footnotes":""},"class_list":["post-3","page","type-page","status-publish","has-post-thumbnail","czr-hentry"],"_links":{"self":[{"href":"https:\/\/riista.net\/wordpress\/wp-json\/wp\/v2\/pages\/3","targetHints":{"allow":["GET"]}}],"collection":[{"href":"https:\/\/riista.net\/wordpress\/wp-json\/wp\/v2\/pages"}],"about":[{"href":"https:\/\/riista.net\/wordpress\/wp-json\/wp\/v2\/types\/page"}],"author":[{"embeddable":true,"href":"https:\/\/riista.net\/wordpress\/wp-json\/wp\/v2\/users\/1"}],"replies":[{"embeddable":true,"href":"https:\/\/riista.net\/wordpress\/wp-json\/wp\/v2\/comments?post=3"}],"version-history":[{"count":4,"href":"https:\/\/riista.net\/wordpress\/wp-json\/wp\/v2\/pages\/3\/revisions"}],"predecessor-version":[{"id":173,"href":"https:\/\/riista.net\/wordpress\/wp-json\/wp\/v2\/pages\/3\/revisions\/173"}],"wp:featuredmedia":[{"embeddable":true,"href":"https:\/\/riista.net\/wordpress\/wp-json\/wp\/v2\/media\/46"}],"wp:attachment":[{"href":"https:\/\/riista.net\/wordpress\/wp-json\/wp\/v2\/media?parent=3"}],"curies":[{"name":"wp","href":"https:\/\/api.w.org\/{rel}","templated":true}]}}